{"id":2641,"date":"2025-05-14T21:03:10","date_gmt":"2025-05-14T19:03:10","guid":{"rendered":"https:\/\/lavoixdescartes.fr\/?post_type=product&#038;p=2641"},"modified":"2026-03-31T00:28:58","modified_gmt":"2026-03-30T22:28:58","slug":"initiation-au-tarot","status":"publish","type":"product","link":"https:\/\/lavoixdescartes.fr\/index.php\/produit\/initiation-au-tarot\/","title":{"rendered":"Initiation au tarot"},"content":{"rendered":"<p>Tu veux apprendre \u00e0 tirer les cartes, mais tu ne sais pas par o\u00f9 commencer ? Ce guide est fait pour toi.<\/p>\n<p>Con\u00e7u sp\u00e9cialement pour les d\u00e9butants, \u00ab Initiation au Tarot \u00bb t\u2019accompagne pas \u00e0 pas dans la d\u00e9couverte de cet outil fascinant. Tu y apprendras \u00e0 cr\u00e9er un lien personnel avec ton jeu, \u00e0 comprendre la structure du tarot (arcanes majeurs, mineurs, cartes de cour), et \u00e0 interpr\u00e9ter les messages des cartes avec clart\u00e9 et intuition.<\/p>\n<p>Ce guide pratique t\u2019offre :<\/p>\n<p>\u2022 Des explications simples et accessibles pour chaque type de carte.<br \/>\n\u2022 Des conseils pour bien choisir, m\u00e9langer et tirer les cartes.<br \/>\n\u2022 Des exercices concrets pour int\u00e9grer progressivement les significations, accompagn\u00e9es d\u2019exemples.<br \/>\n\u2022 Une m\u00e9thodologie pour interpr\u00e9ter un tirage.<\/p>\n<p>\u00c0 la fin de ce livre, tu seras capable de r\u00e9aliser tes propres tirages et d\u2019utiliser le tarot comme un outil d\u2019introspection, de guidance et de d\u00e9veloppement personnel.<\/p>\n<p>Que tu sois curieux(se), en qu\u00eate de sens ou attir\u00e9(e) par le symbolisme du tarot, ce guide est la premi\u00e8re \u00e9tape id\u00e9ale pour entrer dans cet univers riche et passionnant.<\/p>\n","protected":false},"excerpt":{"rendered":"<p>Un guide clair et accessible pour apprendre \u00e0 tirer les cartes avec confiance.<br \/>\nCon\u00e7u pour les d\u00e9butants, Initiation au Tarot t\u2019apprend \u00e0 comprendre les cartes, \u00e0 interpr\u00e9ter un tirage et \u00e0 d\u00e9velopper une pratique intuitive et personnelle.<\/p>\n","protected":false},"featured_media":2642,"comment_status":"open","ping_status":"closed","template":"","meta":[],"product_brand":[],"product_cat":[39],"product_tag":[],"class_list":{"0":"post-2641","1":"product","2":"type-product","3":"status-publish","4":"has-post-thumbnail","6":"product_cat-tarot","8":"first","9":"instock","10":"shipping-taxable","11":"purchasable","12":"product-type-simple"},"jetpack_sharing_enabled":true,"_links":{"self":[{"href":"https:\/\/lavoixdescartes.fr\/index.php\/wp-json\/wp\/v2\/product\/2641","targetHints":{"allow":["GET"]}}],"collection":[{"href":"https:\/\/lavoixdescartes.fr\/index.php\/wp-json\/wp\/v2\/product"}],"about":[{"href":"https:\/\/lavoixdescartes.fr\/index.php\/wp-json\/wp\/v2\/types\/product"}],"replies":[{"embeddable":true,"href":"https:\/\/lavoixdescartes.fr\/index.php\/wp-json\/wp\/v2\/comments?post=2641"}],"wp:featuredmedia":[{"embeddable":true,"href":"https:\/\/lavoixdescartes.fr\/index.php\/wp-json\/wp\/v2\/media\/2642"}],"wp:attachment":[{"href":"https:\/\/lavoixdescartes.fr\/index.php\/wp-json\/wp\/v2\/media?parent=2641"}],"wp:term":[{"taxonomy":"product_brand","embeddable":true,"href":"https:\/\/lavoixdescartes.fr\/index.php\/wp-json\/wp\/v2\/product_brand?post=2641"},{"taxonomy":"product_cat","embeddable":true,"href":"https:\/\/lavoixdescartes.fr\/index.php\/wp-json\/wp\/v2\/product_cat?post=2641"},{"taxonomy":"product_tag","embeddable":true,"href":"https:\/\/lavoixdescartes.fr\/index.php\/wp-json\/wp\/v2\/product_tag?post=2641"}],"curies":[{"name":"wp","href":"https:\/\/api.w.org\/{rel}","templated":true}]}}